2?
-2e662a19
In base 10, what is -43 + -120921?
-120964
In base 3, what is -1101 + -212120210010112?
-212120210011220
In base 10, what is -2 - -5233423?
5233421
In base 9, what is 68268 - 238?
68030
In base 14, what is 188c96 - 1?
188c95
In base 6, what is 213510532132 - -2?
213510532134
In base 16, what is -65442b - -5?
-654426
In base 3, what is 101120011201212 + -11?
101120011201201
In base 3, what is -2120221 - -12001120?
2110122
In base 8, what is -1630 - -1051617?
1047767
In base 14, what is -5 - 9a65ac4?
-9a65ac9
In base 15, what is -25674 - -520?
-25154
In base 16, what is 6f5 - 78c1?
-71cc
In base 10, what is 78132 - -743?
78875
In base 2, what is -1110001100000001011 - -1111011010?
-1110001010000110001
In base 12, what is -106 - -1119?
1013
In base 15, what is 3 - -13e0da54?
13e0da57
In base 8, what is 1030162 - -1?
1030163
In base 10, what is 5 - -5360105?
5360110
In base 6, what is -5 - -40544245105?
40544245100
In base 11, what is 0 + -1131471?
-1131471
In base 7, what is 2533361 - -13?
2533404
In base 6, what is -3033153 - 10030?
-3043223
In base 6, what is 505150 - -314?
505504
In base 6, what is 40445013 - -303?
40445320
In base 16, what is -ec621d + -1?
-ec621e
In base 10, what is -43080 - 840?
-43920
In base 8, what is 54 + -434364?
-434310
In base 15, what is -ed2b322 - 3?
-ed2b325
In base 14, what is 33 + -12a65ca?
-12a6597
In base 8, what is 2 + -26536130?
-26536126
In base 12, what is -86 - 1637a8?
-163872
In base 14, what is -1292 + 2961?
16ad
In base 14, what is 4425a8 + 3?
4425ab
In base 3, what is -12002220202 + -101121?
-12010022100
In base 6, what is 540355 + -441?
535514
In base 15, what is 4c26c - 2a?
4c242
In base 6, what is -20412430 - 211?
-20413041
In base 7, what is 336254 - 163?
336061
In base 7, what is -4056 + 53?
-4003
In base 16, what is 212 - -89cd?
8bdf
In base 14, what is 0 + 5cc767?
5cc767
In base 8, what is -100032 + -420?
-100452
In base 3, what is 11 - 1202102120122002?
-1202102120121221
In base 7, what is 2105 - 52666?
-50561
In base 11, what is 10a51 + -161?
108a0
In base 15, what is -25966 - -1b3?
-257a3
In base 8, what is 633511037 - -4?
633511043
In base 14, what is 7 + -11dd27?
-11dd20
In base 12, what is -37 - 6681?
-66b8
In base 6, what is -1520 - -1512330?
1510410
In base 12, what is 98b9b8 + 1?
98b9b9
In base 8, what is 225202 + -470?
224512
In base 16, what is 33 + 8d1e63?
8d1e96
In base 5, what is -1432200331 - 41?
-1432200422
In base 4, what is 3 + 333323112213?
333323112222
In base 13, what is 67961 + 8b?
67a1c
In base 6, what is -41432451 - 25?
-41432520
In base 4, what is 101110102203 - 0?
101110102203
In base 11, what is -2a462 - -340?
-2a122
In base 10, what is -740373 - 11?
-740384
In base 15, what is -2160 - 911c?
-b27c
In base 10, what is 0 + 3993843?
3993843
In base 8, what is 1061543427 - -2?
1061543431
In base 15, what is 14d1b - eeb?
13d20
In base 11, what is 2 + 2307032?
2307034
In base 14, what is -1918a767 - -1?
-1918a766
In base 2, what is -10 - -11110111101010000010001?
11110111101010000001111
In base 7, what is -2 - 3564121331?
-3564121333
In base 7, what is 630232066 - -4?
630232103
In base 10, what is -150159 + -38?
-150197
In base 6, what is 14 - 131312050?
-131312032
In base 11, what is -296301 + -1206?
-297507
In base 7, what is -121555 - -336?
-121216
In base 9, what is -25 - 328311?
-328336
In base 3, what is 12 + -10010211222000122?
-10010211222000110
In base 9, what is 36 + -1033732?
-1033685
In base 9, what is -31 + 204154?
204123
In base 8, what is 4 + 136070107?
136070113
In base 16, what is -a97f6 - -16e?
-a9688
In base 5, what is -2111011 + -102002?
-2213013
In base 10, what is -10113107 - -14?
-10113093
In base 3, what is -112112201 - 202211110?
-1022101011
In base 9, what is -162867 - 31?
-163008
In base 16, what is -d4a - 5f91?
-6cdb
In base 6, what is -11 - -120324135?
120324124
In base 9, what is 656026622 + -5?
656026616
In base 15, what is -90b3ae + 10?
-90b39e
In base 3, what is -1120100011 + 11112200?
-1101210111
In base 13, what is 1 + 25ab94?
25ab95
In base 8, what is 0 + 541543?
541543
In base 2, what is 1 - 111110111100011011011?
-111110111100011011010
In base 11, what is -2 - 1027a12?
-1027a14
In base 7, what is -3265613 + -1042?
-3266655
In base 3, what is 2111120200102000221 - 10?
2111120200102000211
In base 3, what is -10211 + -1210011121111?
-1210011202022
In base 4, what is 122321121011 - -2?
122321121013
In base 4, what is 2210 - -2323322133?
2323331003
In base 7, what is 0 - 32562365?
-32562365
In base 7, what is -5 - 1224133532?
-1224133540
In base 13, what is 5 + 923a6?
923ab
In base 16, what is 89 - -d152?
d1db
In base 15, what is 766a9 + 2e6?
769a0
In base 14, what is -7537 + 1daa?
-556b
In base 10, what is -96725 + -94?
-96819
In base 5, what is 11114114 + 133?
11114302
In base 2, what is 101 + 100010100100100111101?
100010100100101000010
In base 15, what is a655d - 26?
a6537
In base 16, what is 5a532 + -b?
5a527
In base 15, what is 1b1b7b + -12?
1b1b69
In base 15, what is 157a - -3b74?
51ee
In base 13, what is 4 - 1620479?
-1620475
In base 16, what is b1b14 + -2ab?
b1869
In base 4, what is -3002111302112 - 13?
-3002111302131
In base 3, what is 2010022 + 11000010?
20010102
In base 14, what is -44a + 1a206?
19b9a
In base 11, what is -12727327 + 1?
-12727326
In base 7, what is -2445312351 - 2?
-2445312353
In base 11, what is -42 - 1850058?
-185009a
In base 3, what is 11 - 2221210102212101?
-2221210102212020
In base 5, what is -3 - 12444213103?
-12444213111
In base 8, what is 3073 - 3257?
-164
In base 11, what is a1 - -383274?
383365
In base 2, what is -10011100011111001110 - 1110?
-10011100011111011100
In base 12, what is 1 - 4a5020?
-4a501b
In base 12, what is -3bba086 + 30?
-3bba056
In base 10, what is -4 - -10895089?
10895085
In base 2, what is 10110001111011101100101 + -1?
10110001111011101100100
In base 12, what is -80 + 108861?
1087a1
In base 11, what is -213257 - -28?
-21322a
In base 15, what is -e615 - -1b4?
-e451
In base 5, what is 23102420 - -20314?
23123234
In base 12, what is 505543a3 + -4?
5055439b
In base 13, what is -9c8 + 460?
-568
In base 13, what is 7233484b - 1?
7233484a
In base 4, what is 3032 - 101001020212?
-101001011120
In base 5, what is -12143341 - 41?
-12143432
In base 11, what is -35 + 15314a6?
1531471
In base 9, what is -44726710 - 1?
-44726711
In base 8, what is -262325517 + 25?
-262325472
In base 5, what is -2 - -12412040324?
12412040322
In base 4, what is -1301 - -20320200121?
20320132220
In base 14, what is 488 + 857d8?
85c82
In base 13, what is 25 - -15a5289?
15a52b1
In base 16, what is -ffa23d - -7?
-ffa236
In base 13, what is -10114a3 + 0?
-10114a3
In base 5, what is -3004200200 + -1?
-3004200201
In base 2, what is 10101000100011110001000110 - 100?
10101000100011110001000010
In base 5, what is 302 + -132430034?
-132424232
In base 14, what is -44 + 2b036?
2add2
In base 11, what is -550 + -21a71?
-22511
In base 7, what is 103365 + -21?
103344
In base 5, what is -1002 + -322400230?
-322401232
In base 3, what is 100101210012212211 + 2?
100101210012212220
In base 12, what is -1b + 102a00?
1029a1
In base 16, what is d49 - 346?
a03
In base 10, what is 30330082 - 21?
30330061
In base 12, what is 16081938 - 3?
16081935
In base 5, what is -41 + -1003224310?
-1003224401
In base 3, what is 10202202210 - -10201020?
10220111000
In base 14, what is 7cb + 1?
7cc
In base 2, what is 1 - -10000010111000111110010?
10000010111000111110011
In base 3, what is -22200 - -2201211110?
2201111210
In base 4, what is 120 - -10320112?
10320232
In base 15, what is 2a412 + -6c?
2a395
In base 14, what is -16a5 + -9bc?
-2283
In base 9, what is -11286 + -415?
-11712
In base 6, what is -1534352240 - 5?
-1534352245
In base 4, what is 220020 - -2103211?
2323231
In base 3, what is 11 - 20021010210210012?
-20021010210210001
In base 5, what is -3012313210 - -1?
-3012313204
In base 15, what is -1b7812 + -3?
-1b7815
In base 10, what is 1645 + 373402?
375047
In base 15, what is 16 - e0e8?
-e0d2
In base 3, what is 11 - 100012202002001?
-100012202001220
In base 3, what is 10 - 221001111000000222?
-221001111000000212
In base 5, what is -11 + -23203003034?
-23203003100
In base 14, what is -122758 + -1d?
-122777
In base 14, what is -1 + 2c